ulate the remainder when 45 is divided by 38.
7
Calculate the remainder when 3122 is divided by 1031.
29
Calculate the remainder when 4994 is divided by 42.
38
What is the remainder when 2047 is divided by 54?
49
Calculate the remainder when 175 is divided by 47.
34
Calculate the remainder when 1050 is divided by 302.
144
What is the remainder when 2048 is divided by 265?
193
What is the remainder when 113 is divided by 28?
1
Calculate the remainder when 1271 is divided by 67.
65
Calculate the remainder when 193 is divided by 63.
4
What is the remainder when 4434 is divided by 29?
26
What is the remainder when 63 is divided by 15?
3
What is the remainder when 373 is divided by 37?
3
What is the remainder when 6983 is divided by 7?
4
What is the remainder when 1871 is divided by 589?
104
What is the remainder when 327 is divided by 19?
4
Calculate the remainder when 508 is divided by 19.
14
Calculate the remainder when 662 is divided by 219.
5
What is the remainder when 2229 is divided by 318?
3
Calculate the remainder when 347 is divided by 59.
52
Calculate the remainder when 143 is divided by 16.
15
Calculate the remainder when 680 is divided by 12.
8
Calculate the remainder when 314 is divided by 142.
30
What is the remainder when 5232 is divided by 1302?
24
What is the remainder when 70 is divided by 26?
18
Calculate the remainder when 296 is divided by 27.
26
What is the remainder when 235 is divided by 62?
49
Calculate the remainder when 498 is divided by 125.
123
What is the remainder when 2204 is divided by 46?
42
What is the remainder when 20603 is divided by 202?
201
Calculate the remainder when 976 is divided by 89.
86
Calculate the remainder when 6203 is divided by 6.
5
What is the remainder when 114 is divided by 34?
12
Calculate the remainder when 1458 is divided by 19.
14
Calculate the remainder when 118 is divided by 10.
8
Calculate the remainder when 166 is divided by 21.
19
What is the remainder when 4933 is divided by 23?
11
What is the remainder when 14569 is divided by 55?
49
Calculate the remainder when 912 is divided by 86.
52
Calculate the remainder when 8 is divided by 5.
3
Calculate the remainder when 1820 is divided by 48.
44
What is the remainder when 179 is divided by 21?
11
What is the remainder when 224 is divided by 9?
8
What is the remainder when 545 is divided by 293?
252
Calculate the remainder when 53 is divided by 31.
22
Calculate the remainder when 767 is divided by 24.
23
Calculate the remainder when 146 is divided by 75.
71
Calculate the remainder when 232 is divided by 117.
115
What is the remainder when 406 is divided by 179?
48
What is the remainder when 703 is divided by 7?
3
Calculate the remainder when 10 is divided by 7.
3
Calculate the remainder when 1145 is divided by 11.
1
What is the remainder when 761 is divided by 15?
11
Calculate the remainder when 452 is divided by 32.
4
What is the remainder when 916 is divided by 252?
160
What is the remainder when 60 is divided by 34?
26
What is the remainder when 4615 is divided by 19?
17
Calculate the remainder when 113 is divided by 54.
5
What is the remainder when 120 is divided by 49?
22
Calculate the remainder when 1556 is divided by 91.
9
Calculate the remainder when 959 is divided by 64.
63
Calculate the remainder when 787 is divided by 231.
94
Calculate the remainder when 272 is divided by 62.
24
Calculate the remainder when 183 is divided by 39.
27
Calculate the remainder when 853 is divided by 213.
1
What is the remainder when 89 is divided by 21?
5
Calculate the remainder when 2026 is divided by 29.
25
What is the remainder when 132 is divided by 19?
18
Calculate the remainder when 90 is divided by 13.
12
Calculate the remainder when 734 is divided by 8.
6
What is the remainder when 4320 is divided by 149?
148
What is the remainder when 28200 is divided by 119?
116
Calculate the remainder when 281 is divided by 26.
21
What is the remainder when 449 is divided by 228?
221
Calculate the remainder when 243 is divided by 70.
33
Calculate the remainder when 561 is divided by 9.
3
Calculate the remainder when 125 is divided by 64.
61
Calculate the remainder when 2782 is divided by 17.
11
Calculate the remainder when 1454 is divided by 81.
77
What is the remainder when 2887 is divided by 17?
14
What is the remainder when 2591 is divided by 36?
35
Calculate the remainder when 45 is divided by 35.
10
What is the remainder when 23 is divided by 10?
3
Calculate the remainder when 459 is divided by 14.
11
Calculate the remainder when 12770 is divided by 9.
8
Calculate the remainder when 67 is divided by 18.
13
What is the remainder when 985 is divided by 143?
127
Calculate the remainder when 603 is divided by 123.
111
Calculate the remainder when 1437 is divided by 60.
57
Calculate the remainder when 402 is divided by 46.
34
Calculate the remainder when 813 is divided by 37.
36
Calculate the remainder when 721 is divided by 121.
116
Calculate the remainder when 737 is divided by 47.
32
Calculate the remainder when 118 is divided by 24.
22
What is the remainder when 1016 is divided by 302?
110
Calculate the remainder when 3208 is divided by 1064.
16
Calculate the remainder when 69 is divided by 5.
4
Calculate the remainder when 101 is divided by 12.
5
Calculate the remainder when 704 is divided by 263.
178
Calculate the remainder when 47 is divided by 23.
1
What is the remainder when 120 is divided by 11?
10
What is the remainder when 857 is divided by 279?
20
What is the remainder when 46 is divided by 33?
13
What is the remainder when 220 is divided by 8?
4
Calculate the remainder when 150 is divided by 17.
14
What is the remainder when 400 is divided by 173?
54
Calculate the remainder when 933 is divided by 193.
161
Calculate the remainder when 148 is divided by 76.
72
Calculate the remainder when 814 is divided by 12.
10
What is the remainder when 325 is divided by 15?
10
Calculate the remainder when 4751 is divided by 97.
95
What is the remainder when 316 is divided by 48?
28
What is the remainder when 178 is divided by 38?
26
Calculate the remainder when 120 is divided by 27.
12
What is the remainder when 702 is divided by 79?
70
What is the remainder when 165 is divided by 31?
10
What is the remainder when 273 is divided by 25?
23
Calculate the remainder when 1991 is divided by 166.
165
What is the remainder when 5351 is divided by 101?
99
What is the remainder when 5249 is divided by 73?
66
What is the remainder when 263 is divided by 11?
10
What is the remainder when 131 is divided by 31?
7
Calculate the remainder when 90 is divided by 46.
44
What is the remainder when 649 is divided by 10?
9
Calculate the remainder when 750 is divided by 94.
92
What is the remainder when 412 is divided by 147?
118
Calculate the remainder when 221 is divided by 28.
25
Calculate the remainder when 969 is divided by 308.
45
Calculate the remainder when 962 is divided by 477.
8
Calculate the remainder when 16 is divided by 5.
1
Calculate the remainder when 87 is divided by 15.
12
Calculate the remainder when 256 is divided by 24.
16
Calculate the remainder when 190 is divided by 39.
34
What is the remainder when 32 is divided by 6?
2
Calculate the remainder when 506 is divided by 7.
2
Calculate the remainder when 6066 is divided by 103.
92
Calculate the remainder when 1441 is divided by 161.
153
Calculate the remainder when 175 is divided by 62.
51
Calculate the remainder when 554 is divided by 165.
59
Calculate the remainder when 6954 is divided by 9.
6
What is the remainder when 3089 is divided by 30?
29
Calculate the remainder when 166 is divided by 62.
42
What is the remainder when 11269 is divided by 49?
48
Calculate the remainder when 3254 is divided by 37.
35
What is the remainder when 12975 is divided by 55?
50
Calculate the remainder when 124 is divided by 21.
19
Calculate the remainder when 246 is divided by 63.
57
Calculate the remainder when 7474 is divided by 44.
38
Calculate the remainder when 163 is divided by 42.
37
What is the remainder when 2260 is divided by 81?
73
What is the remainder when 485 is divided by 62?
51
Calculate the remainder when 11778 is divided by 62.
60
Calculate the remainder when 440 is divided by 50.
40
What is the remain